s q(p)?
56
Let g be 14 - 1 - (-9 + (0 - -8)). Let x(t) = 12*t + g*t - 37*t + 9*t. Determine x(4).
-8
Let n(z) = z**2 - 5*z + 7. Let o be 8 + 3/(-3) + -2. Let t be n(o). Let a(l) be the second derivative of l**3/6 - 15*l**2/2 - 215*l. Determine a(t).
-8
Let h(u) = 1 + 5*u**3 - 2*u**2 + 4*u**3 + 0*u**2. Suppose -5*j - 12 = -22, -2 = s - 5*j. Suppose 5*x + 23*l - s = 20*l, 6 = 4*x + 2*l. What is h(x)?
8
Let p(g) = 4 - 5*g + 5*g + 6*g. Let n be p(1). Let i(v) = v**3 - 11*v**2 + 8*v + 5. Determine i(n).
-15
Let s(t) = -4*t**3 - 17*t**2 - 30*t + 18. Let j(d) = -5*d**3 - 19*d**2 - 34*d + 19. Let l(m) = 3*j(m) - 4*s(m). Calculate l(-9).
-15
Let v = 35317/10596 - -1/3532. Let p(a) be the first derivative of 1/2*a**2 - 1/4*a**4 + 15 + v*a**3 - 5*a. Determine p(10).
5
Let x = -12303 + 12305. Let b(f) be the second derivative of f**5/20 - f**4/12 + f**3/3 - f**2/2 - 4*f. Determine b(x).
7
Let f(c) be the third derivative of c**7/840 - c**6/90 + c**5/30 - c**4/6 - 61*c**3/6 + 8*c**2 + c. Let z(r) be the first derivative of f(r). What is z(3)?
-1
Let o(b) = b**2 - 125*b + 257*b - 12 - 140*b. What is o(10)?
8
Let g be 1/((-1 + (-3 - -5))/1). Let v(o) = -6*o**3 - 2*o**2 + o + 1. What is v(g)?
-6
Let c(d) = 2 - 2*d + 18 + d**3 - 2*d - 29 + 2*d**2. Suppose -9 + 4 = -3*r - 5*k, -3*r = k - 1. Let t be c(r). Let n(o) = -2*o - 11. Determine n(t).
7
Suppose 23*k = 16*k + 175. Let o(l) = -5*l + 26*l**2 - k*l**2 + 1 - 2*l**2. Give o(-5).
1
Let b(w) be the third derivative of 0*w + 1/15*w**5 + 2 + 1/120*w**6 - 5/24*w**4 + 1/3*w**3 + 57*w**2. Determine b(-5).
2
Suppose 348*n - 405*n = -114. Let b(j) = -4*j + 9. Determine b(n).
1
Let w(c) = c**2 + 24*c + 112. Suppose 8161*t - 98 = 8175*t. Give w(t).
-7
Let z(d) = -76*d + 29. Let l(b) = -188*b + 59. Let s(q) = 2*l(q) - 5*z(q). Give s(-3).
-39
Let u(f) = -57*f. Suppose 3*z = -3, 305 = -j + 5*z + 311. Give u(j).
-57
Let o(u) be the third derivative of u**4/3 - 98*u**3/3 - 11881*u**2. Determine o(24).
-4
Let z(k) = k**2 - 5*k + 5. Let y(u) = u**2 + 25*u + 160. Suppose 0 = -w + m - 2 - 16, -5*w - 40 = 5*m. Let c be y(w). What is z(c)?
1
Let l(r) be the third derivative of r**4/3 + 107*r**3/3 - 151*r**2. Let p be l(-27). Let c(h) = 6*h**2 + 1. Give c(p).
25
Let b = 1863 + -1869. Let p(u) = u**3 + 5*u**2 - 4*u - 7. Give p(b).
-19
Let p(a) = 4*a**2 - 149*a + 43. Let k be p(37). Let v(b) = -b**3 + 5*b**2 + 9*b - 18. Give v(k).
0
Let t(q) be the third derivative of q**5/60 + q**4/6 + 37*q**3/6 + 5772*q**2. Determine t(-6).
49
Let x be 21 - 17 - (1 - -2). Let b(g) = g + 7*g**2 - 4*g**2 - 2*g**2 - 15*g**3 + 14*g**3 - x. Give b(2).
-3
Let r(n) = n**3 - 10*n**2 - 19*n + 92. Suppose -5*x + 61 = l, 2*x - 31 = -7*l + 33. What is r(x)?
4
Let i(o) = -o**3 - 6*o**2 - 9*o - 2. Let v(d) = d**2 - 5*d. Let x be v(4). Let p be i(x). Let l(u) = u**2 + u - 5. Let k be l(p). Let f(w) = 8*w**3. Give f(k).
8
Let j(i) = i**2 - 7*i - 2. Suppose 4 = 6*q - 5*q, 0 = -3*t + 2*q - 14. Let w(s) = -s**3 - 4*s**2 - 9*s - 5. Let f be w(t). Calculate j(f).
-12
Let r(p) = -63*p**3 - p**2 - 2*p - 1. Let w be -21 - (-9036)/432 - 11/12. Calculate r(w).
63
Let q(j) = -j**3 - j**2 - 7*j + 5. Let p(w) = 675*w. Let h be p(0). What is q(h)?
5
Let j(k) = 9530*k - k**2 - 9533*k - 2*k**3 + 3*k**3. Calculate j(-1).
1
Let a(b) = -b + 16. Suppose -2*o = -4*w - 32, -2*o + 5*w + 19 = -18. Give a(o).
10
Let c(k) be the second derivative of -12 + 1/20*k**5 - 3*k**2 - 1/6*k**3 + 3*k + 5/12*k**4. Suppose -z = 4*u - 11, -z = 6*u - u - 15. Give c(z).
-1
Suppose -2*v + 82 = -2*w + 64, 2*v = -5*w - 3. Let r(c) = -2*c**2 + 7*c - 8. Give r(v).
-38
Let p(d) be the second derivative of d**5/20 + d**4/3 - d**3 - 5*d**2 + 10*d + 3. Let n be p(-5). Let z(o) = -o + 2. Determine z(n).
7
Let u(v) = -6*v + 62. Suppose 4*d + 193*l - 188*l = 66, 5*d - 57 = -2*l. Give u(d).
8
Let q(p) = -p**2 + 4*p + 8. Let n(z) = z**3 - 10*z**2 + 4*z - 8. Let v be n(4). Let i = v - -57. Let l = i + 38. What is q(l)?
-13
Let g(m) = 2*m + 18. Let x be ((-17)/(85/6))/(4/(-1270)). Let n = x - 392. Give g(n).
-4
Let d(m) be the first derivative of -m**2/2 + 27*m - 87. Let y be d(32). Let u(r) = -r**2 - 8*r - 4. Calculate u(y).
11
Let s(x) = 3*x + 3. Let t be 31819/1269 - 4/54. Suppose 24*o = t*o + 3*b - 5, 2*o - 3*b - 1 = 0. Give s(o).
9
Suppose -2*h + 4*h + 53 = 3*y, -2*h = -10. Let n(b) = b**2 + 58 - y - 19 - 9*b - 17. Determine n(7).
-13
Let h(q) = 4*q**2 + 0 - 7*q - 3*q**2 - 1. Let o be ((-618)/(-12) - -1)*2. Suppose -8*n - o = -23*n. What is h(n)?
-1
Let w(f) = -2*f + 9. Let m be (-9)/(-2)*2*30/18. Suppose 0 = m*x - 12*x - 15. What is w(x)?
-1
Let g(j) be the first derivative of -j**4/4 + 16*j**3/3 - 17*j**2/2 + 25*j + 65. Let k be g(15). Let l(a) = a**3 + 4*a**2 - 6*a - 5. Calculate l(k).
0
Let y(b) = -b + 11. Let q(u) = -u**2 - 7*u + 6. Let x(i) = 2*i**2 - 11*i - 4. Let f be x(10). Let l = -93 + f. Let r be q(l). What is y(r)?
5
Let b be (0 + 0)/(-11 - 504/(-56)). Let m(k) be the second derivative of -k**2 - 1/12*k**4 + 17*k + 5/3*k**3 + b. Give m(9).
7
Let u(g) = -8*g**2 - 27*g + 4. Let z(o) = 7*o**2 + 22*o - 3. Let h(a) = 6*u(a) + 7*z(a). Determine h(8).
3
Let c(d) = d**3 + d - 38. Let v be -118 + 115 - ((-1)/2 - (-10)/(-4)). Give c(v).
-38
Let o(l) = 5 - 7 - 6*l + l**2 - 7. Let b be 22 + (-8)/(-6)*5943/(-566). Calculate o(b).
7
Suppose 16*i - 3*x + 54 = 19*i, 5*x + 110 = 3*i. Let d(t) = t - 7. Calculate d(i).
18
Suppose 3*w = 87 - 99. Let h(l) be the third derivative of 0*l + 7*l**2 - 1/12*l**4 + 0 - 5/6*l**3. Determine h(w).
3
Let r(w) = w**2 + 11*w - 8. Let c = -911 - -925. Suppose -c*x + 62 = 230. Calculate r(x).
4
Let c be (-234)/(-13) - 20 - 1. Let m(n) = 3*n - 3. Let b(g) = 2*g - 3*g + 0*g. Let r(u) = b(u) + m(u). Calculate r(c).
-9
Let y(h) = 164 + 61 - 257 + h. Determine y(7).
-25
Let m(f) = 6*f**2 + 19*f + 5. Let z(x) = -2*x**3 + 2*x**2 - 36*x + 33. Let u be z(1). Give m(u).
2
Let c(d) = 14*d - 43. Suppose 8*f + 10*f = 54. Let w be c(f). Let a(l) = -4*l - 1. Calculate a(w).
3
Let v(p) be the third derivative of 7/6*p**3 - 1/8*p**4 + 27*p**2 + 0*p + 0. Calculate v(5).
-8
Suppose -35*a = -9*a - 780. Suppose -v = 4*v - 3*f - 140, -f = -5. Suppose 0 = -v*w + a*w + 3. Let o(i) = i**3 - 3*i**2 - 3*i - 3. Give o(w).
-12
Let y(g) = 21 + 32 - 75*g + 25 + 82*g - 68. Calculate y(12).
94
Let a(d) = -3*d + 16. Suppose 4*f + 5*l = 20, 3*l + 12 = 3*f - 3. Let v be a(f). Let y(z) = -4*z + 3*z + 4*z**3 + 23*z**3 - 8*z**3 + z**2. Give y(v).
19
Let u(q) = 38*q**3 - 134*q**2 - 40*q - 9. Let m(i) = -8*i**3 + 27*i**2 + 8*i + 2. Let j(s) = -24*m(s) - 5*u(s). What is j(-11)?
-91
Let a be 4*-61 + 5 - 5. Let s = a + 248. Let x(j) = -j**3 + 2*j**2 + 5*j + 1. Calculate x(s).
-11
Let t(n) be the first derivative of n**4/4 + 7*n**3/3 + 3*n**2/2 + 14*n + 1136. Calculate t(-7).
-7
Suppose -40*t + 29*t = -352. Let j(c) = -5*c**3 - 64 + t - 4*c**3 + 32 - c. What is j(-1)?
10
Let w(k) be the third derivative of -k**6/60 + 17*k**5/60 - 3*k**4/8 - 2*k**3 + 1669*k**2. What is w(8)?
-20
Let a(c) = -53 + 12 + 26 + 24*c**2 - c**3 + 0*c**2. Calculate a(24).
-15
Let f(i) be the first derivative of -9*i - 1/2*i**2 - 36. Give f(-6).
-3
Let i(s) = -s**3 + 3*s**2 + s + 1. Let n(v) = -2*v**3 - 3*v**2 - 3*v + 1. Let h(g) = -i(g) + n(g). Give h(-4).
-16
Suppose -b = 3*g - 5*g + 15, -3*g + 25 = b. Let q(d) = -d**2 - 16*d + 10. Let r be q(-15). Let n(a) = -9*a - r + 67 - 31 + a**2. What is n(g)?
3
Let m(g) = 9*g - 53. Suppose 5*s = p + 19, 251*s = 3*p + 246*s + 7. Calculate m(p).
1
Let n(p) = -p**2 - 15*p + 8. Suppose -3 = 9*l + 5*s + 137, 2*l = 2*s - 28. Determine n(l).
8
Let r(m) = -m**2 + 6*m - 5. Let g be r(5). Suppose -s = -2*x - 2*x + 13, 3*x - 8 = -s. Let l(u) = u + g*u - 4 - x*u + 0*u. Calculate l(6).
-16
Suppose -22 = -16*m + 5*m. Let v(f) = 4*f**m - 3679 - 3*f**2 + f + 3657. What is v(0)?
-22
Let k(l) = -l**2 - 36*l - 75. Let v be (1/3)/((-27)/2754). Determine k(v).
-7
Let l = 7 - 4. Suppose -2 = -l*k + 4*k. Let a(u) = 3*u**3 - 3*u - 1. Let t(x) = 5*x**3 + x**2 - 4*x - 2. Let y(i) = -3*a(i) + 2*t(i). Give y(k).
-3
Let z(c) = -2*c + 21. Let m be ((-5)/(-2))/((-20)/40) + 31/1. Give z(m).
-31
Let v(j) be the third derivative of -j**5/30 - j**4/6 - j**3/2 - 2*j**2. Suppose 384 = -17*q - 175*q. What is v(q)?
-3
Suppose -4*k + 46 = -2*p, -5*p +